 is the units digit of z?
9
Let p(q) = 0*q + 9*q + 1 + 3*q + 2*q**3 + 32*q**2 - 5*q**3. Let z(s) = -s**3 + 11*s**2 + 4*s. Let b(w) = 6*p(w) - 17*z(w). What is the tens digit of b(5)?
2
Let c = 3108 - 1546. What is the hundreds digit of c?
5
Let w(f) = -f**3 - 15*f**2 + 2. Let u be w(-15). Let m(l) = -3*l**3 + u*l**3 + 2*l**3 + 5*l**2 + 2*l. What is the units digit of m(-2)?
8
Let k be 1/((-1)/4*-1). Suppose -111 = -3*h - k*d + 69, -2*h = -4*d - 100. Suppose 88 = 3*b + 4*z, -3*b + 4*b - 4*z - h = 0. What is the units digit of b?
6
Suppose 0 = 5*u - 0*u + 30. Let b = u + 23. What is the units digit of b?
7
Suppose 25 = -0*o + 5*o, -5*o - 5 = -5*p. Let r = 4 - -21. What is the tens digit of -1 + r - (-9 + p)?
2
Let x be 5/(-10) - 886/(-4). Suppose 14 + x = 5*b. What is the tens digit of b?
4
Let z = -85 + 60. Let p = -2 - z. What is the tens digit of p?
2
Let f(z) = 127*z**3 - 3*z**2 + z + 2. What is the hundreds digit of f(2)?
0
Let z = 13864 + -9296. What is the hundreds digit of (-2)/(-8) - z/(-32)?
1
Suppose 386*x = 387*x - 22. Suppose -25*o = -26*o + x. What is the units digit of o?
2
Suppose 5*u + 5 = 5*o, 0*o + 2*u + 2 = -5*o. Suppose -3*p + 45 = -o*p. Let x = -1 + p. What is the units digit of x?
4
Let c = -44 - -56. What is the tens digit of (-476)/(-6) - 4/c?
7
What is the tens digit of 3/((-3)/(-193))*8?
4
Suppose 6*w = -w. Suppose -3*s + 5*m = -89, w*s - 5*m + 107 = 4*s. What is the tens digit of s?
2
Let y(a) = a**2 + 10*a - 14. Let t be (2 + -1)*(-25 - -9). What is the tens digit of y(t)?
8
Let u(z) = -8*z**3 - 10*z**2 - 16*z - 21. What is the units digit of u(-8)?
3
Suppose 0 = -n + 10*n + 351. Let c = 50 - n. What is the tens digit of c?
8
Suppose 0 = -7*j + 6*j + 5*q + 7, -4 = -3*j - 2*q. Suppose j*g - 13 = 29. What is the tens digit of g?
2
Let k = 2854 + 376. What is the tens digit of k?
3
Let f be (2 + 0 - -3) + -4. Let w be f*3*(-1)/1. What is the tens digit of (w/(-12))/((-2)/(-136))?
1
Let r(y) be the first derivative of y**3 - 5*y**2 - 7*y + 10. What is the tens digit of r(-4)?
8
Let r = -38 + 64. Suppose 5 = 7*i + r. Let d(m) = m**3 + 3*m**2 - 4*m. What is the units digit of d(i)?
2
Let b(h) = 7*h + 7. Let i(s) = 35*s + 36. Let m(u) = 11*b(u) - 2*i(u). Let o be m(5). Let d = o + -24. What is the tens digit of d?
1
Let w(l) = l**3 - 11*l**2 + 10. Let t be w(11). Let c = t + -12. What is the units digit of (c + 15/9)*-57?
9
Suppose -2*z = -5*z - 3. What is the units digit of 2 - -145 - z/1?
8
Let z be (2/(-4))/((-2)/20). Suppose 0 = z*r - 5*f, -f - 1 = -2*r - 0. Suppose 0*k - 56 = -4*k + c, -k - 3*c = -r. What is the tens digit of k?
1
Let f = -764 + 1166. What is the units digit of f?
2
Let q = -83 + 156. What is the tens digit of q?
7
Let c = 1422 + -1268. What is the units digit of c?
4
What is the thousands digit of (-66)/(-88) + (-52025)/(-20)?
2
Let j(i) = i**2 - 3*i + 12. Let s be j(-5). Suppose 5*w - s = 103. What is the tens digit of w?
3
Let a = 5 + -3. Let k be (10 - 11)*0/a. Suppose k = l - 3*p - 8 - 34, -5*l - 3*p + 192 = 0. What is the tens digit of l?
3
Let n = -491 + 2916. What is the thousands digit of n?
2
Let i be (-155)/(-2)*(-8)/(-4). Let r be i/2 - 7/14. Let b = -27 + r. What is the units digit of b?
0
Let n = 71 - 66. Suppose 5*h = n*v + 540, -h + v - 222 = -3*h. What is the hundreds digit of h?
1
Suppose -5*t + 81*g - 86*g + 6235 = 0, -2*t + 2497 = 5*g. What is the units digit of t?
6
Let x(g) be the third derivative of -g**4/12 - g**3 + 5*g**2. Let y be x(-4). Suppose -y*b + 4*d = -d - 1, -3*b + 39 = 5*d. What is the units digit of b?
8
Let x = -18 + 19. Let w be -4 - (-1 - x - 2). What is the tens digit of 28 - (w - (-3 - -2))?
2
Suppose -s - 19 = -2*q + 22, 2*q - 39 = 3*s. Suppose 0 = 3*w - 0*w - q. What is the tens digit of -1 + 1 - (-119)/w?
1
Suppose 0*b = -2*b - 3*c - 17, -b - 4*c - 21 = 0. Let l be (-8)/(-2)*3/b. What is the tens digit of 1*68/l*-3?
1
Let m(s) = s - 65. Let o(y) = y**2 - 3*y + 260. Let i(r) = 9*m(r) + 2*o(r). What is the tens digit of i(-11)?
4
Let g(q) = 4*q + 4. Let b(r) = -r**2 - 1. Let w(l) = -b(l) - g(l). Let u be w(6). Let x(m) = -m**2 + 12*m + 3. What is the tens digit of x(u)?
3
What is the tens digit of (2061/12)/(3 + 90/(-32))?
1
What is the tens digit of 3 - (6/(-9) + (-141560)/60)?
6
Let l = 578 + -339. What is the tens digit of l?
3
Suppose 2*p - 4*a = 20, -18 = -p + 4*a - 0*a. Suppose -p*o - 37 + 277 = 0. What is the units digit of o?
0
Let c(p) = -p + 3. Let b be c(-7). Let h(m) be the first derivative of m**3/3 - 3*m**2 - 7*m - 74. What is the units digit of h(b)?
3
Suppose 12*m = 6*m - 966. What is the tens digit of 0 - m - (3 + -1)?
5
Let w(t) = t**3 + 6*t**2 - 4*t + 9. Let k be w(-7). Let d = 16 + k. Suppose 35 = d*f - 45. What is the tens digit of f?
2
Let q(o) = -2*o**3 + 18*o**2 + 18*o - 2. Let b be q(9). Let w = -29 + b. What is the tens digit of w?
3
Let w(i) be the third derivative of 0 - 11*i**2 + 1/15*i**5 + 1/2*i**3 + 0*i - 1/4*i**4 + 1/120*i**6. What is the units digit of w(-5)?
8
Let q = -201 - -654. What is the hundreds digit of q?
4
Let n = 581 - 904. What is the hundreds digit of 4 + 4/(-3 + n/(-107))?
2
Let q = -497 - -829. Suppose 348 = -5*n - 3*x + 7*x, -5*n = 4*x + q. Let u = -37 - n. What is the units digit of u?
1
Suppose -3*v - 3032 = -7*v. What is the units digit of v?
8
Suppose -2*z + 4*q + 1724 = 0, -5*z - 2*q + 4310 = -q. What is the units digit of z?
2
Let f = -3 - -3. Suppose f = -b + 4*b - 387. Suppose 0 = n + 3*p - 24, 0 = -4*n - p - 0*p + b. What is the tens digit of n?
3
Let d(t) = t**2 + 57*t + 162. What is the hundreds digit of d(34)?
2
Let a be 1/(18/(-17) + 1). Let s = 46 - a. What is the units digit of s?
3
Let i(b) = -b**3 + 9*b**2 + 11*b - 11. Let a be i(10). Let j = 6 + a. Suppose -4*x = 8, -5*h + j*x + 71 = 2*x. What is the tens digit of h?
1
Let o = 209 + 146. What is the tens digit of o?
5
Suppose q - 15 = 4*q + i, -5*q - 5*i = 35. Let g be (-3 - -3)*(-2)/q. Suppose g = u - 10 - 9. What is the units digit of u?
9
Suppose 88*m = 89*m - 562. What is the hundreds digit of m?
5
Suppose g + 3*s + 117 + 1 = 0, g - 5*s = -142. What is the hundreds digit of -6 - g - (2 - -1)?
1
Let g be (-6 - 12/(-3)) + 86. What is the units digit of -3 + (g + -1 - 4)?
6
Suppose 319 = -4*h + 819. Let g = h - 61. What is the units digit of g?
4
Let v = 22 - 17. Let i(r) = -5 + 4 - v - 8*r. What is the units digit of i(-6)?
2
Let y(c) = c**3 + 6*c**2 + 4*c - 1. Let z be y(-5). Let t = 9 - z. Suppose 135 = 5*a + t*v, 0*v + 69 = 3*a - 3*v. What is the units digit of a?
5
Suppose 5*x - 7 = 13. Let l = x - 32. Let m = 15 - l. What is the units digit of m?
3
Suppose 22199 = 47*o - 25506. What is the units digit of o?
5
Let a(t) be the first derivative of -t**3/3 - 5*t**2 + 11*t - 6. Let x be a(-10). Suppose -26 = -x*u + 10*u. What is the units digit of u?
6
Suppose 3322*g = 3313*g + 42003. What is the tens digit of g?
6
What is the hundreds digit of -5*133/(-70)*52?
4
Suppose 0 = 4*g + 4*m - 551 - 341, -892 = -4*g - 3*m. Let c = 10 + -5. Suppose -c*h + g + 52 = 0. What is the units digit of h?
5
Suppose 2*o - 25 = -5*i + 3, 3*i = -o + 16. Suppose i*u = -4*u + 1272. What is the hundreds digit of u?
1
Suppose p - 4 = -6. What is the hundreds digit of 22940/217 - p/7?
1
Let q = 47 - -43. What is the tens digit of q?
9
Suppose 15*i + 44*i - 9440 = 0. What is the units digit of i?
0
Suppose 2786 - 3 = 23*i. What is the units digit of i?
1
Let q be (12/(-18))/((-2)/15). Let o(k) = 18*k + 8. What is the tens digit of o(q)?
9
What is the hundreds digit of -12 + 2 + 2780 + 10?
7
Let w be (-2)/(4/(-2)) - -4. Suppose -108 = 5*d - u, -w*u = 4*d + 23 + 46. What is the units digit of (-6)/d - 813/(-21)?
9
Let n(j) = 2*j + 18. Let v be n(-6). What is the units digit of (75/(-10))/(v/(-32))?
0
Let x = -1973 - -2805. What is the hundreds digit of x?
8
Let z(d) be the first derivative of d**2/2 + 2*d + 5. Let o be z(-2). Suppose o = i + 4*s - 5*s - 16, -2*s = 3*i - 23. What is the units digit of i?
1
Suppose -2*s = 5*r + 23, 2*s + 0 + 5 = r. What is the tens digit of (-6 + (-3 - -8))*639/r?
1
Let o = -24 - -26. Suppose -4*h - w = -78, -o*h - 5*w + 90 = 3*h. What is the units digit of h?
0
Let y(x) = -2086*x + 10. What is the thousands digit of y(-1)?
2
Suppose